visor of z and u?
17
Suppose 460*c = 331*c - 756*c - 114*c + 197802. Suppose -2*k - 906 = -5*k + 3*i, 3*k - 866 = -5*i. Calculate the highest common divisor of c and k.
99
Let a be (18/(-15))/(42/(-630)). Calculate the greatest common factor of a and 1158.
6
Let m(l) = -14*l + 44. Let y(i) = 29*i - 90. Let j(d) = 5*m(d) + 3*y(d). Let w be j(4). What is the greatest common factor of 14 and w?
2
Let k be 8/(-10)*12597/(-76) + (-3)/5. Calculate the highest common divisor of k and 2046.
66
Let q(m) = -13*m - 144. Let a be q(-13). Suppose 0 = a*r - r - 144. What is the highest common divisor of 21 and r?
3
Let p be (-36)/(-6)*(-46)/(-4). Suppose p*r + 884 = 82*r. Calculate the greatest common divisor of r and 34.
34
Suppose -8*o + 5*g + 81 = -7*o, 477 = 5*o - g. Let k(x) = x**2 - x + 6. Let w be k(0). What is the highest common divisor of w and o?
6
Suppose -410*p + 417*p - 84 = 0. Let u be (p*24)/(-2)*-1. What is the highest common factor of u and 54?
18
Suppose 0 = 5*g + 4*b - 4, 5*b - 7*b = 5*g - 12. What is the greatest common divisor of 166 and g?
2
Suppose 196*z = 298*z - 114444. What is the greatest common factor of z and 462?
66
Suppose q = -b - 2*q + 47, -q + 1 = 0. Suppose 4*j - b = 2*j. Suppose -3*w - 75 + 108 = 0. Calculate the greatest common factor of w and j.
11
Let q(p) = 199*p + 2*p**3 - 73*p - 66*p - 4 + 7*p**2 - p**3 - 67*p. Let m be q(-7). What is the highest common divisor of m and 15?
15
Suppose 4*i + 180*q - 375 = 181*q, -5*i + q + 468 = 0. What is the highest common factor of i and 1178?
31
Suppose 6*v - 41 = 265. Let l be (0 - v/9)/(7/(-21)). Let h = l - 7. What is the greatest common factor of 4 and h?
2
Let h be -1*4*(-3)/((-24)/52). Let j be (6 + -1)/((-65)/h). Suppose 120 = j*x + 18. Calculate the greatest common divisor of x and 17.
17
Let b(r) = r**3 - 15*r**2 + 27*r - 12. Let o be b(13). Let y(h) = -6 + 4 + o + h + 3. Let w be y(4). Calculate the greatest common divisor of 48 and w.
6
Let h be -27*357/(-693) - 2/(-22). Calculate the greatest common factor of 146 and h.
2
Let q(o) = -14*o - 104. Let d be q(-12). Suppose -1384 + d = -22*i. Calculate the highest common factor of 660 and i.
60
Let o = 21103 + -21076. What is the greatest common factor of 21249 and o?
27
Suppose -4*l = 3*z + 7 + 27, -l - 34 = 5*z. Let r be ((-14)/z)/((-5)/(-75)) + -3. What is the highest common factor of r and 32?
32
Let g = -242 + 466. Let v = 77 - 159. Let x = -54 - v. Calculate the greatest common divisor of g and x.
28
Let j = -19768 + 20125. Calculate the highest common factor of 1666 and j.
119
Let a = -52 + 87. Suppose 0 = 2*u + 6, 3*u - 244 = -2*c + 149. Let n = -194 + c. Calculate the highest common divisor of a and n.
7
Let r be 3*5/15*50. Let s = -35 + r. Let b be ((-324)/s)/((-3)/40). Calculate the highest common factor of b and 32.
32
Let z(p) = p**2 - 2*p - 19. Let m = -10 + 21. Let o be z(m). Suppose 0*v - 4*v + o = 0. Calculate the greatest common factor of 180 and v.
20
Suppose 39 + 638 + 243 = 92*m. What is the highest common divisor of 7640 and m?
10
Let i(n) = -n**2 + 4*n + 194. Let y be i(16). Let j(q) = -4 + 5 - 2 + 23*q. Let a be j(1). What is the highest common divisor of y and a?
2
Let n(t) = -6*t + 128. Let b be n(8). Suppose -2*c = 0, 5*x + 25*c - 22*c = b. Calculate the highest common factor of 28 and x.
4
Let t(k) = -7*k - 11. Let g be t(-8). Suppose -4*i - 11*i = g. Let u be (-6)/((-4)/(i - -1)) + 193. What is the highest common factor of u and 10?
10
Let w(o) = -o - 5. Let t be w(-6). Let l(a) = 2*a**2 + 52*a + 331. Let b be l(-10). What is the highest common divisor of t and b?
1
Let g(n) = -n**2 + 7*n - 10. Let t be g(4). Suppose t*b - 2 = b. Suppose -m = -2*w - 10, b*m = -2*m + w + 75. What is the highest common factor of m and 10?
10
Suppose v + 4*c - 238 = 0, -348 - 348 = -3*v - 3*c. Calculate the highest common factor of 1656 and v.
46
Let r be (108 - -2) + 4/12*6. Let c(f) = -f**2 + 6*f + 14. Let t = 32 - 26. Let h be c(t). Calculate the highest common divisor of r and h.
14
Suppose -2*r + 1100 = 4*t, -5*t - 5*r = -9*r - 1388. Calculate the greatest common factor of t and 804.
12
Suppose -130*f - 10 = -140*f. Let a be (-261)/87 - (f + -5*1). What is the highest common divisor of a and 41?
1
Suppose -s + 1022 = 3*x + 90, 2*x = -3*s + 612. Suppose 0 = 3*t + 3*t - x. What is the highest common factor of 65 and t?
13
Let s be ((-55)/2)/((-9)/(-18)). Let d = s + 65. Let c be (-2)/(-10) + 98/d. What is the highest common factor of 10 and c?
10
Suppose 3*t + s - 1972 = 0, s + 5 + 0 = 0. Let j be t + 38 + (-1 - -1)/1. Calculate the greatest common factor of j and 17.
17
Suppose -2*n - 4*u + 26 = -n, 3*n + 3*u - 51 = 0. Let b = 14 - n. Suppose -2*r - 2 = 3*j, b = -3*j - 5*r - 5 - 9. What is the greatest common factor of 9 and j?
1
Suppose 0 = 3*r - k - 6, -4*k = -5*r + k. Let i be 10680/40 - (1*r)/(-1). Let b = 73 + -43. Calculate the greatest common divisor of b and i.
30
Suppose 0 = q - n - 21, -5*q - n - 54 = -177. Suppose l = 2*l - 40. Suppose q = o - j, l = o + j + 12. Calculate the highest common factor of 39 and o.
13
Suppose 7*b + 2*w = 5*b + 2536, 3824 = 3*b + 8*w. Calculate the highest common factor of 1027 and b.
79
Let s(b) = -6 + 23*b**3 - 20*b + 26*b**3 + 21*b**3 - 12*b**2 - 69*b**3 + 58*b. Let p be s(6). Calculate the greatest common factor of 6 and p.
6
Let g(m) = -m**2 - 41*m + 406. Let t be g(-47). Calculate the greatest common factor of 992 and t.
124
Let g = -570 + 594. What is the greatest common factor of g and 2004?
12
Suppose -x + 5*b - 25 = 4*x, -3*b = -4*x - 15. Suppose x = -53*c + 65*c - 2028. Calculate the greatest common divisor of 65 and c.
13
Let o = 6 - 9. Let s(h) = -h**2 - 3*h + 1. Let a be s(o). Let c be (0 - a) + 10 - 4. What is the highest common factor of 25 and c?
5
Let v be 2/(-6) + (-154)/(-66). Suppose -f = 2, v*f + 16 = z + 5*f. Calculate the highest common factor of 176 and z.
22
Suppose 7625 = 78*p - 1111. What is the highest common divisor of p and 4816?
112
Suppose -61*g = -23*g - 8360. Suppose -2*t = -6*t - 20. Let v be 10/(t/g*-2). What is the greatest common divisor of v and 20?
20
Suppose 93 = 2*o - 141. Let r be (8/6)/(251/(-51) - -5). Suppose 10*f + 273 = r*f. What is the highest common divisor of o and f?
39
Let p be (4 - -11) + 0 + (-2 - 1). Let i be -9*(-62)/24 + (-3)/p. What is the greatest common factor of i and 46?
23
Let t(q) = -145*q**2 + 4. Let u be t(2). Let w be -1 - u/21 - (-33)/(-77). Calculate the highest common factor of w and 377.
13
Suppose -2*j - 5065 = -5*k, -41*j + 46*j + 2005 = 2*k. Calculate the greatest common factor of 63 and k.
7
Suppose 2*t - 57 + 27 = 0. Let g(k) = k**2 + 2*k - 66. Let o be g(t). What is the greatest common divisor of o and 21?
21
Let p(y) = -y + 1. Let d be p(-3). Suppose -d*i = -866 + 38. Let k(x) = 2*x**2 - 3*x - 4. Let z be k(-3). What is the greatest common factor of z and i?
23
Let f be 4 + 0 - (-2 - 25). Let w = -6421 + 6824. What is the highest common factor of f and w?
31
Let t = -2 + 2. Let z be (2 - (-28)/(-16))/((-8)/(-160)). Suppose t = -0*w - z*w + 120. What is the highest common factor of w and 36?
12
Suppose -89*h - 21956 = -247304. Calculate the greatest common factor of h and 24.
12
Let b(h) be the first derivative of -h**4/4 + 10*h**3/3 - 2*h**2 - 54*h - 77. Let d be b(8). Calculate the greatest common divisor of 105 and d.
21
Suppose 103*z - 106*z = -420. Suppose 145*q = z*q + 90. Calculate the highest common factor of q and 2.
2
Suppose -2*f - 3 = g, 4*g + g + 15 = 2*f. Suppose f = -18*w + 14*w + 120. Calculate the highest common factor of 165 and w.
15
Suppose 0 = -495*o + 497*o - 10. Suppose o*z + 10 = 0, -4*z + 398 + 192 = 2*f. What is the greatest common divisor of f and 52?
13
Suppose -63*z - 24 = -67*z. Let h be 40 + (15 - 4 - z). What is the greatest common divisor of 45 and h?
45
Let d = -21 + -33. Let m be (27/(-4))/(d/648). What is the highest common divisor of 3 and m?
3
Suppose -188 = -1241*n + 1237*n + 4*v, v + 5 = 0. What is the highest common factor of n and 138?
6
Let w(r) = r - 13. Let q be w(16). Suppose -4*c = q*p + 50, 3*c + 21 - 6 = 0. Let x be (-1035)/p - (-2)/4. What is the greatest common factor of x and 13?
13
Suppose -44035 = -647*w - 1254 + 11567. Let l(m) = 170*